1. Suppose -5*b + d*b = -2*r - u, 4*r = 2*b - 1834. Is b composite?
False
Suppose -18*i - 15 = -21*i. Suppose -i*p - 25 = -15. Is p/(-1 - 6575/(-6585)) composite?
True
Let g = -9982 - -18801. Is g a composite number?
False
Let t = 320557 - 177226. Is t prime?
False
Let z(a) = 5*a**2 + 11*a - 2*a + 16 + 8*a. Is z(6) a prime number?
False
Let m(d) be the second derivative of 21676*d**3/3 - 7*d**2/2 - 111*d. Is m(1) a composite number?
True
Let g = 46 + -31. Let l(w) = w**2 - 15*w + 2. Let b be l(g). Suppose -3*f + 2176 = f + 3*i, -1070 = -b*f + 3*i. Is f a prime number?
True
Suppose -4*r + 20496 = d, -2*r + 13058 - 2810 = 5*d. Suppose 0 = 4*g + 4*l + 2 - 10210, 2*l = 2*g - r. Is g prime?
True
Suppose -47 = -4*x + 29. Suppose -x*r + 64159 = -8440. Is r composite?
False
Let k = 4107152 - 1711939. Is k a composite number?
False
Let s(k) = 2573 + 2571 + 657*k - 7717 + 2575. Let z(l) = -l**2 - 6*l + 10. Let p be z(-7). Is s(p) prime?
True
Suppose 2*k - 3*i + 442 = 0, 9*k - 4*k - 5*i + 1105 = 0. Let x = 856 - 1450. Let p = k - x. Is p a composite number?
False
Suppose 10*p + p - 1089261 = 2*p. Is p prime?
False
Let b(w) = 657*w**2 - 36*w + 208. Is b(7) a prime number?
False
Let r be (-82)/(-2) - (-8 + 36/9). Is r/(-60) + 2459/4 + -1 composite?
False
Let w(n) = -3670*n + 219. Is w(-32) a composite number?
False
Suppose -4*o + 0*o - 5187 = -a, o + 20673 = 4*a. Let t = a + -2896. Is t a prime number?
False
Suppose 2336274 = -7*g + 3*g + 22*g. Is g a composite number?
False
Suppose 115 = -3*n + 3*j - 2*j, -4*j = n + 47. Let h be (1*3)/(n/(-182)). Let l = 41 + h. Is l a composite number?
True
Suppose 3 + 5 = -n + 2*o, o - 4 = -5*n. Suppose 11*p - 6*p = n. Is (p - 2/6)*-2463 composite?
False
Suppose 0 = 3*h - 1696 + 565. Let x = h + 2. Suppose 4*b = -3*a - b + 588, 2*a - x = b. Is a prime?
True
Let h = 14773 - -34024. Is h composite?
True
Let l(f) = -517*f + 1461. Let p be l(3). Suppose -2*a - 3*a = -2*t + 181, 0 = -t - 4*a + 97. Is p*t/(-6) + (-24)/6 a composite number?
True
Let c = -33155 - -85884. Is c composite?
True
Let l = 131157 - -28382. Is l prime?
True
Let g(w) = -2*w**3 - 11*w**2 - 2*w - 42. Let l be g(-5). Is 2845 + -1 - (56 + l) composite?
True
Suppose -230*a + 6599874 = 6*f - 232*a, 0 = -2*a. Is f a prime number?
False
Let w(l) = l**3 + 6*l**2 + 5*l. Let i be w(-5). Suppose -4 = -3*k - i*k - 5*z, 5*k - 2*z = 48. Let o(s) = s**3 - 8*s**2 + 8*s + 1. Is o(k) a composite number?
True
Let v be ((-63)/189)/(2/(-42)). Suppose -8*r + 25940 = 5*d - v*r, 2*d + 5*r - 10353 = 0. Is d prime?
True
Let c be 3/(-36)*-4*(-144)/(-8). Is 1 + (3066/1 - c) a prime number?
True
Let m be -2 - (-3 + -1 + 0). Suppose 7 - m = -j. Is (-2)/j - (-25836)/60 composite?
False
Let a be 2870/6 - 28/(-42). Suppose -p - 11336 = -2*k, -4*k = -3*p - 22191 - a. Is k prime?
True
Suppose 286*u = 280*u + 3594. Suppose -u - 19618 = -3*x. Is x prime?
False
Let a(r) be the third derivative of 1669*r**5/60 - r**4/12 - 31*r**3/6 - 2*r**2 - 49. Is a(4) prime?
False
Let a = -181150 - -309929. Is a prime?
False
Suppose 0 = 4*d - 24, -35*n + 39*n - 3*d - 204986 = 0. Is n a prime number?
False
Suppose 4*c - 17374 = 10*g - 3*g, c - 4357 = 4*g. Is c a composite number?
True
Is 2178795/(-45)*(-6)/1 - 0 a composite number?
True
Let f(z) = -z**3 + 2*z**2 + 7*z + 28687. Is f(0) a prime number?
True
Let i(x) = 3*x**2 - 8*x + 9. Let y be i(4). Let h = 29 - y. Suppose 5*b + 1107 = 2*d - 824, -h*b + 2931 = 3*d. Is d a composite number?
True
Let x(m) = m**3 + m**2 - 4*m - 19. Let i(s) = -s**3 - 2*s**2 - s. Let j be i(-3). Let a be x(j). Suppose 0 = -5*b + a - 340. Is b composite?
False
Let r(u) = -u**2 + 11*u - 14. Let m be r(11). Let c(l) = -l**3 - 15*l**2 - 9*l - 3. Let t be c(m). Let s = t + 288. Is s a composite number?
True
Suppose v = -4*v - 2*f - 63, 4*v + 28 = 4*f. Is 7771/4 + v/(-44) prime?
False
Let r(x) be the second derivative of 13*x**5/10 + x**3/3 + 7*x**2/2 - 14*x + 2. Is r(4) prime?
False
Let h(m) = 64*m + 2197. Is h(51) a composite number?
True
Suppose 20*b - 22*b - 12 = 0, 0 = -3*v - 8*b + 296946. Is v a composite number?
True
Let y = 61 + -62. Is 3*y/(-6)*(-13 + 2735) a composite number?
False
Let v = -105 - -103. Is 3940 + v + 10/2 prime?
True
Let f(y) = 2*y**3 - 33*y**2 - 19*y - 5. Let j be f(17). Let p(g) = -5*g + 59. Is p(j) a prime number?
False
Suppose 9*x - 12*x = 0. Suppose 33*o - 9620 - 69943 = x. Is o prime?
True
Let b be ((-21)/(-9) - -1)/(4/6). Suppose 4*r - 35 = -5*y + r, 0 = -b*y + r + 15. Suppose 0 = y*x + 3*m - 4510 - 2389, 3*x = 4*m + 5143. Is x composite?
False
Let q = -280 - -140. Let c = 459 + q. Is c a composite number?
True
Suppose -4*a + 872804 = 4*o, -222328 - 650494 = -4*o + 5*a. Is o a composite number?
True
Let t(z) = 17*z + 2*z**3 - 87*z**2 + 6 + 46*z**2 + 29*z**2. Let s be t(8). Let c = s - 43. Is c a prime number?
False
Is (658340 - -7) + (0 - -20) prime?
True
Is (9225438/(-92))/(9/3 - 15/4) composite?
True
Let q = -218 + 267. Suppose 56*p - q*p - 24941 = 0. Is p a composite number?
True
Suppose 110*f = 113*f - k - 1669424, 4*f = -2*k + 2225922. Is f a prime number?
True
Let v(n) = -6406*n - 9437. Is v(-9) a composite number?
True
Let k = 824 - -262. Suppose -2*g + 5*n + k = -5054, -12262 = -4*g + n. Is g a prime number?
False
Suppose -5*u + 378 = 2*u. Let f(y) = 2 - 1 + u*y - 52*y + 9*y**2. Is f(-2) composite?
True
Is (-3)/((-3)/(-67406))*56/(-112) a prime number?
True
Suppose -3*y - 2*y - 1213 = -4*b, 0 = 3*y - 4*b + 731. Let i = 361 + y. Let t = 175 - i. Is t a composite number?
True
Let h(t) = 3603*t**2 + 8*t + 8. Let g be h(-1). Suppose 4*a = 4*r - 1543 - 3261, 4*a = -3*r + g. Is r prime?
True
Let i = 30279 + -13186. Is i a composite number?
False
Let u(p) = p**3 + 5*p**2 - 38. Let q be u(-8). Let t = q + 621. Is t a composite number?
True
Is 4 + 0 + (25 - -88142) composite?
True
Let d be (6/(-32)*-4)/((-3)/(-24)). Let l be ((-20)/d)/((-2)/3). Suppose -3*g - 4*n + 5251 = 0, -n = -l*n - 20. Is g a prime number?
False
Let j(r) = 3718*r**2 - 19*r - 104. Is j(-5) a composite number?
False
Let w = -139 - -144. Suppose 9642 = 3*i + w*t, t + 3648 = i + 442. Is i prime?
True
Let g = 32 + -28. Is g/(-2) + (-561)/(-3) + 2 prime?
False
Let f be 3/(-6*2/(-392)). Let b = -101 + f. Is (-1535)/(-5)*(-2 - b) prime?
True
Suppose 218*g - 234*g = -711728. Is g prime?
True
Let h(z) = 711*z**2 + 25*z - 3. Let x be h(-6). Suppose -36*b = -27*b - x. Is b a prime number?
False
Suppose -2*a - k + 9836 = 0, a + 37*k = 36*k + 4917. Is a a composite number?
False
Let w = -12449 + 22694. Suppose -27*p = 50 - 131. Suppose -p*a - s = -6163, 8*a - 5*s = 3*a + w. Is a a composite number?
False
Let t(z) = 83*z**2 + 9*z - 5. Let g be t(-3). Let y = g - 452. Is y prime?
True
Suppose 40*x - 11579816 = 7861104. Is x a composite number?
False
Let d(v) = 213*v + 195. Let z be d(38). Let j = 11956 - z. Is j prime?
False
Let b = -597 - -709. Is ((-15056)/b)/((-3)/21) prime?
True
Let n(o) = -o**3 - 2*o**2 + o. Let p = 72 - 74. Let q be n(p). Is (-1435)/14*1*q composite?
True
Suppose 6*z + 24*z - 43590 = 0. Suppose 0 = m - 2*h - z, 7*m - 4374 = 4*m + h. Is m a composite number?
False
Suppose 0 = -3*c - 3*k + 6171, 4457 = 2*c - 5*k + 371. Is c a composite number?
False
Suppose 0*p + 5*a = 5*p - 9160, -2*p + a = -3668. Suppose 2*n = -4*l + 4658, 5*l + n - 3566 - 2252 = 0. Let s = p - l. Is s prime?
True
Let x = -1026 - -2833. Let t = x + -795. Let q = t - 714. Is q a prime number?
False
Let h(j) be the second derivative of -91*j**3/3 + 5*j**2/2 - 314*j + 2. Let m be 1/2*(1 - 7). Is h(m) composite?
True
Let l = 237051 - -56122. Is l composite?
False
Let x = 34 - 30. Suppose -x*u + 776 = -1308. Suppose 0 = 3*s - u - 94. Is s a composite number?
True
Is -5*(-9055122)/150 + 2/(-5) + 0 prime?
False
Let v(w) = 7*w**3 - 2*w**2 - 70*w - 29. Let z = -516 + 525. Is v(z) a prime number?
False
Let u(q) = 85358*q**2 + 37*q - 24. Is u(2) prime?
False
Suppose -511992 = 7*d - 38421. Is (-15)/((-45)/(-12)) + d/(-3) a prime number?
False
Suppose 5*o = 2*b - 198186, -b + 76843 = 5*o - 22280. Is b a prime number?
True
Let y(q) = -q**3 - 22*q**2 + 461*q - 59. Is y(-41) composite?
False
Suppose -2*r = -2*g - 2678, -g + 4*r + 2660 = -3*g. Let v = 5385 + g. Is v prime?
True
Suppose 3469751 = 36*m - 2391805. Is m a p